{"id":774,"date":"2020-09-11T07:59:04","date_gmt":"2020-09-11T07:59:04","guid":{"rendered":"https:\/\/pojdteven.cz\/?page_id=774"},"modified":"2024-09-26T10:51:54","modified_gmt":"2024-09-26T08:51:54","slug":"adaptacni-program","status":"publish","type":"page","link":"https:\/\/pojdteven.cz\/index.php\/adaptacni-program\/","title":{"rendered":"Adapta\u010dn\u00ed program"},"content":{"rendered":"<p>[et_pb_section fb_built=&#8220;1&#8243; fullwidth=&#8220;on&#8220; admin_label=&#8220;Hero&#8220; _builder_version=&#8220;4.16&#8243; parallax=&#8220;on&#8220; height=&#8220;316px&#8220; top_divider_style=&#8220;clouds2&#8243; top_divider_color=&#8220;rgba(255,255,255,0.06)&#8220; top_divider_height=&#8220;30%&#8220; global_colors_info=&#8220;{}&#8220;][et_pb_fullwidth_header title=&#8220;Adapta\u010dn\u00ed&#8220; subhead=&#8220;Program&#8220; text_orientation=&#8220;center&#8220; _builder_version=&#8220;4.16&#8243; title_level=&#8220;h2&#8243; title_font=&#8220;|700||on|||||&#8220; title_text_color=&#8220;#ffffff&#8220; title_font_size=&#8220;16px&#8220; title_letter_spacing=&#8220;5px&#8220; title_line_height=&#8220;2em&#8220; content_font=&#8220;Rubik||||||||&#8220; content_font_size=&#8220;18px&#8220; content_line_height=&#8220;2em&#8220; subhead_font=&#8220;Cabin Sketch|700|||||||&#8220; subhead_font_size=&#8220;60px&#8220; subhead_line_height=&#8220;1.4em&#8220; background_color=&#8220;#ff7355&#8243; background_image=&#8220;https:\/\/pojdteven.cz\/wp-content\/uploads\/2020\/09\/DSC_2134-kopie.jpg&#8220; parallax=&#8220;on&#8220; custom_button_one=&#8220;on&#8220; button_one_text_size=&#8220;16px&#8220; button_one_text_color=&#8220;#ffffff&#8220; button_one_bg_color=&#8220;#ff7355&#8243; button_one_border_width=&#8220;15px&#8220; button_one_border_color=&#8220;rgba(210,159,104,0)&#8220; button_one_border_radius=&#8220;100px&#8220; button_one_letter_spacing=&#8220;0px&#8220; button_one_font=&#8220;Rubik|700|||||||&#8220; button_one_use_icon=&#8220;off&#8220; custom_button_two=&#8220;on&#8220; button_two_text_size=&#8220;16px&#8220; button_two_text_color=&#8220;#ffffff&#8220; button_two_bg_color=&#8220;rgba(0,0,0,0.6)&#8220; button_two_border_width=&#8220;15px&#8220; button_two_border_color=&#8220;rgba(210,159,104,0)&#8220; button_two_border_radius=&#8220;100px&#8220; button_two_letter_spacing=&#8220;0px&#8220; button_two_font=&#8220;Rubik|700|||||||&#8220; button_two_use_icon=&#8220;off&#8220; custom_margin=&#8220;||60px|||&#8220; custom_padding=&#8220;6vw||4vw|||&#8220; animation_style=&#8220;slide&#8220; animation_direction=&#8220;bottom&#8220; animation_intensity_slide=&#8220;1%&#8220; content_font_size_tablet=&#8220;&#8220; content_font_size_phone=&#8220;16px&#8220; content_font_size_last_edited=&#8220;on|phone&#8220; subhead_font_size_tablet=&#8220;&#8220; subhead_font_size_phone=&#8220;30px&#8220; subhead_font_size_last_edited=&#8220;on|phone&#8220; box_shadow_style=&#8220;preset6&#8243; box_shadow_vertical=&#8220;-10px&#8220; box_shadow_color=&#8220;rgba(0,0,0,0.2)&#8220; button_one_border_radius_hover=&#8220;100px&#8220; button_two_border_radius_hover=&#8220;100px&#8220; button_one_bg_color_hover=&#8220;#ff8a70&#8243; button_two_bg_color_hover=&#8220;#ff8a70&#8243; global_colors_info=&#8220;{}&#8220; button_one_text_size__hover_enabled=&#8220;off&#8220; button_two_text_size__hover_enabled=&#8220;off&#8220; button_one_text_color__hover_enabled=&#8220;off&#8220; button_two_text_color__hover_enabled=&#8220;off&#8220; button_one_border_width__hover_enabled=&#8220;off&#8220; button_two_border_width__hover_enabled=&#8220;off&#8220; button_one_border_color__hover_enabled=&#8220;off&#8220; button_two_border_color__hover_enabled=&#8220;off&#8220; button_one_border_radius__hover_enabled=&#8220;on&#8220; button_one_border_radius__hover=&#8220;100px&#8220; button_two_border_radius__hover_enabled=&#8220;on&#8220; button_two_border_radius__hover=&#8220;100px&#8220; button_one_letter_spacing__hover_enabled=&#8220;off&#8220; button_two_letter_spacing__hover_enabled=&#8220;off&#8220; button_one_bg_color__hover_enabled=&#8220;on&#8220; button_one_bg_color__hover=&#8220;#ff8a70&#8243; button_two_bg_color__hover_enabled=&#8220;on&#8220; button_two_bg_color__hover=&#8220;#ff8a70&#8243;][\/et_pb_fullwidth_header][\/et_pb_section][et_pb_section fb_built=&#8220;1&#8243; _builder_version=&#8220;4.16&#8243; _module_preset=&#8220;default&#8220; global_colors_info=&#8220;{}&#8220;][et_pb_row _builder_version=&#8220;4.16&#8243; _module_preset=&#8220;default&#8220; global_colors_info=&#8220;{}&#8220;][et_pb_column type=&#8220;4_4&#8243; _builder_version=&#8220;4.16&#8243; _module_preset=&#8220;default&#8220; global_colors_info=&#8220;{}&#8220;][\/et_pb_column][\/et_pb_row][\/et_pb_section][et_pb_section fb_built=&#8220;1&#8243; specialty=&#8220;on&#8220; admin_label=&#8220;Section&#8220; _builder_version=&#8220;4.16&#8243; inner_width=&#8220;90%&#8220; inner_max_width=&#8220;90%&#8220; custom_margin=&#8220;|||&#8220; custom_padding=&#8220;54px|0|100px|0px|false|false&#8220; use_custom_width=&#8220;on&#8220; width_unit=&#8220;off&#8220; custom_width_percent=&#8220;90%&#8220; global_colors_info=&#8220;{}&#8220;][et_pb_column type=&#8220;1_4&#8243; _builder_version=&#8220;4.16&#8243; custom_padding=&#8220;|||&#8220; global_colors_info=&#8220;{}&#8220; custom_padding__hover=&#8220;|||&#8220;][et_pb_blurb title=&#8220;Kontaktn\u00ed informace&#8220; _builder_version=&#8220;4.16&#8243; header_font=&#8220;Rubik|700||on|||||&#8220; header_font_size=&#8220;12px&#8220; header_letter_spacing=&#8220;3px&#8220; header_line_height=&#8220;1.5em&#8220; body_font=&#8220;Cambay||||||||&#8220; body_font_size=&#8220;12px&#8220; body_line_height=&#8220;2em&#8220; background_color=&#8220;#ffffff&#8220; custom_margin=&#8220;|||&#8220; custom_padding=&#8220;14px|20px|14px|20px|true|true&#8220; animation_style=&#8220;zoom&#8220; animation_intensity_zoom=&#8220;10%&#8220; border_radii=&#8220;on|10px|10px|10px|10px&#8220; box_shadow_style=&#8220;preset3&#8243; locked=&#8220;off&#8220; global_colors_info=&#8220;{}&#8220;]<\/p>\n<p><strong><\/strong><\/p>\n<p><strong>Kontaktn\u00ed osoba:<\/strong> Alena Kub\u00e1nkov\u00e1<\/p>\n<p><strong>Telefon:<\/strong> +420 606 921 133<\/p>\n<p><strong>Email: <\/strong>al.kubankova@email.cz<span><\/span><\/p>\n<p>[\/et_pb_blurb][\/et_pb_column][et_pb_column type=&#8220;1_2&#8243; specialty_columns=&#8220;2&#8243; _builder_version=&#8220;4.16&#8243; custom_padding=&#8220;|||&#8220; global_colors_info=&#8220;{}&#8220; custom_padding__hover=&#8220;|||&#8220;][et_pb_row_inner _builder_version=&#8220;4.16&#8243; custom_padding=&#8220;25.1px|0px|0|0px|false|false&#8220; global_colors_info=&#8220;{}&#8220;][et_pb_column_inner saved_specialty_column_type=&#8220;1_2&#8243; _builder_version=&#8220;4.16&#8243; custom_padding=&#8220;|||&#8220; global_colors_info=&#8220;{}&#8220; custom_padding__hover=&#8220;|||&#8220;][et_pb_text _builder_version=&#8220;4.16&#8243; text_font=&#8220;Georgia||||||||&#8220; text_line_height=&#8220;2em&#8220; header_font=&#8220;||||||||&#8220; header_2_font=&#8220;Rubik|700||on|||||&#8220; header_2_font_size=&#8220;12px&#8220; header_2_letter_spacing=&#8220;3px&#8220; header_2_line_height=&#8220;1.5em&#8220; header_5_font=&#8220;Rubik|700||on|||||&#8220; header_5_text_color=&#8220;#2b76df&#8220; header_5_letter_spacing=&#8220;5px&#8220; header_5_line_height=&#8220;1.5em&#8220; module_alignment=&#8220;center&#8220; min_height=&#8220;238px&#8220; custom_margin=&#8220;0px||-58px||false|false&#8220; custom_margin_tablet=&#8220;0px|||&#8220; custom_margin_last_edited=&#8220;off|desktop&#8220; custom_padding=&#8220;0px||0px|||&#8220; text_line_height_last_edited=&#8220;off|desktop&#8220; locked=&#8220;off&#8220; global_colors_info=&#8220;{}&#8220;]<\/p>\n<h1>Adapta\u010dn\u00ed program<\/h1>\n<p>Adap\u0165\u00e1\u010dek je program pro rodi\u010de s d\u011btmi, kter\u00fd prob\u00edh\u00e1 v prostoru Lesn\u00edho d\u011btsk\u00e9ho klubu. D\u011bti mohou za\u017e\u00edt, jak\u00e9 to je b\u00fdt v lesn\u00ed \u201e\u0161kolce\u201c, sezn\u00e1mit se s prost\u0159ed\u00edm a n\u011bkter\u00fdmi \u010dinnostmi Lesn\u00edho d\u011btsk\u00e9ho klubu za doprovodu maminky nebo tat\u00ednka.<br \/>Bude-li z\u00e1jem, ve 2. pololet\u00ed (od b\u0159ezna) bude prob\u00edhat dopoledn\u00ed program pro samotn\u00e9 d\u011bti od 2 let. D\u011bti se zde mohou p\u0159ipravit na dobr\u00fd n\u00e1stup do Lesn\u00edho d\u011btsk\u00e9ho klubu.<\/p>\n<p>[\/et_pb_text][et_pb_text _builder_version=&#8220;4.16&#8243; text_font=&#8220;Georgia||||||||&#8220; text_line_height=&#8220;2em&#8220; header_font=&#8220;||||||||&#8220; header_2_font=&#8220;Rubik|700||on|||||&#8220; header_2_font_size=&#8220;12px&#8220; header_2_letter_spacing=&#8220;3px&#8220; header_2_line_height=&#8220;1.5em&#8220; header_5_font=&#8220;Rubik|700||on|||||&#8220; header_5_text_color=&#8220;#2b76df&#8220; header_5_letter_spacing=&#8220;5px&#8220; header_5_line_height=&#8220;1.5em&#8220; module_alignment=&#8220;center&#8220; custom_margin=&#8220;0px||49px||false|&#8220; custom_margin_tablet=&#8220;0px|||&#8220; custom_margin_last_edited=&#8220;off|desktop&#8220; text_line_height_last_edited=&#8220;off|desktop&#8220; locked=&#8220;off&#8220; global_colors_info=&#8220;{}&#8220;]<\/p>\n<h1><\/h1>\n<h1>Co nab\u00edz\u00edme?<\/h1>\n<p>Pobyt a hran\u00ed venku a pozorov\u00e1n\u00ed p\u0159\u00edrody v pr\u016fb\u011bhu roku. Program vych\u00e1z\u00ed z b\u011b\u017en\u00e9ho rytmu Lesn\u00edho d\u011btsk\u00e9ho klubu \u2013 zah\u00e1jen\u00ed s p\u00edsni\u010dkami a b\u00e1sni\u010dkami, kr\u00e1tk\u00e1 v\u00fdprava do okol\u00ed, zkoum\u00e1n\u00ed, objevov\u00e1n\u00ed a jednoduch\u00e9 tvo\u0159en\u00ed. Zku\u0161enou pr\u016fvodkyni, kter\u00e1 v\u00ed, o \u010dem je \u017eivot v\u00a0lesn\u00ed \u201e\u0161kolce\u201c.<br \/>Malou skupinu a individu\u00e1ln\u00ed p\u0159\u00edstup.<\/p>\n<p>[\/et_pb_text][et_pb_text _builder_version=&#8220;4.16&#8243; text_font=&#8220;Georgia||||||||&#8220; text_line_height=&#8220;2em&#8220; header_font=&#8220;||||||||&#8220; header_2_font=&#8220;Rubik|700||on|||||&#8220; header_2_font_size=&#8220;12px&#8220; header_2_letter_spacing=&#8220;3px&#8220; header_2_line_height=&#8220;1.5em&#8220; header_5_font=&#8220;Rubik|700||on|||||&#8220; header_5_text_color=&#8220;#2b76df&#8220; header_5_letter_spacing=&#8220;5px&#8220; header_5_line_height=&#8220;1.5em&#8220; module_alignment=&#8220;center&#8220; custom_margin=&#8220;0px||49px||false|&#8220; custom_margin_tablet=&#8220;0px|||&#8220; custom_margin_last_edited=&#8220;off|desktop&#8220; text_line_height_last_edited=&#8220;off|desktop&#8220; locked=&#8220;off&#8220; global_colors_info=&#8220;{}&#8220;]<\/p>\n<h1>Co pot\u0159ebujeme?<\/h1>\n<p>Dobrou n\u00e1ladu!<br \/>Vhodn\u00e9 oble\u010den\u00ed na pobyt venku (doporu\u010dujeme se pod\u00edvat na p\u0159edpov\u011b\u010f po\u010das\u00ed) i pro rodi\u010de .<br \/>Ide\u00e1ln\u011b s sebou n\u00e1hradn\u00ed oble\u010den\u00ed, gum\u00e1\u010dky a pl\u00e1\u0161t\u011bnku. V p\u0159\u00edpad\u011b hodn\u011b mokr\u00e9ho \u010di studen\u00e9ho po\u010das\u00ed m\u016f\u017eeme vyu\u017e\u00edt t\u00fdp\u00ed a oh\u0159\u00e1t se u oh\u00fdnku.<\/p>\n<p>Samostatn\u00e9 d\u011bti (nejd\u0159\u00edve od b\u0159ezna). Dobr\u00e9 oble\u010den\u00ed a boty (doporu\u010dujeme se pod\u00edvat na p\u0159edpov\u011b\u010f po\u010das\u00ed) a s sebou v ozna\u010den\u00e9 ta\u0161ce v\u017edy gum\u00e1\u010dky, pl\u00e1\u0161t\u011bnku, n\u00e1hradn\u00ed oble\u010den\u00ed. D\u011bti nenut\u00edme b\u00fdt venku v hodn\u011b mokr\u00e9m \u010di studen\u00e9m po\u010das\u00ed, ale je t\u0159eba po\u010d\u00edtat s t\u00edm, \u017ee v\u011bt\u0161inu dopoledne venku budou, pokud to bude<br \/>mo\u017en\u00e9 a vhodn\u00e9 oble\u010den\u00ed jim v\u00a0tom m\u016f\u017ee hodn\u011b pomoci.<\/p>\n<p>Paraleln\u011b prob\u00edh\u00e1 tak\u00e9 program Lesn\u00edho d\u011btsk\u00e9ho klubu, pros\u00edme o n\u00e1sledov\u00e1n\u00ed instrukc\u00ed<br \/>pr\u016fvodkyn\u011b ohledn\u011b m\u00edsta srazu, abychom si nezasahovali vz\u00e1jemn\u011b do aktivit.<\/p>\n<p>[\/et_pb_text][\/et_pb_column_inner][\/et_pb_row_inner][et_pb_row_inner _builder_version=&#8220;4.16&#8243; global_colors_info=&#8220;{}&#8220;][et_pb_column_inner saved_specialty_column_type=&#8220;1_2&#8243; _builder_version=&#8220;4.16&#8243; custom_padding=&#8220;|||&#8220; global_colors_info=&#8220;{}&#8220; custom_padding__hover=&#8220;|||&#8220;][et_pb_text _builder_version=&#8220;4.16&#8243; text_font=&#8220;Rubik||||||||&#8220; text_line_height=&#8220;2em&#8220; header_font=&#8220;||||||||&#8220; header_2_font=&#8220;Rubik|700||on|||||&#8220; header_2_font_size=&#8220;12px&#8220; header_2_letter_spacing=&#8220;3px&#8220; header_2_line_height=&#8220;1.5em&#8220; header_5_font=&#8220;Rubik|700||on|||||&#8220; header_5_text_color=&#8220;#2b76df&#8220; header_5_letter_spacing=&#8220;5px&#8220; header_5_line_height=&#8220;1.5em&#8220; module_alignment=&#8220;center&#8220; custom_margin=&#8220;0px||0px||false&#8220; custom_margin_tablet=&#8220;0px|||&#8220; custom_margin_last_edited=&#8220;off|desktop&#8220; text_line_height_last_edited=&#8220;off|desktop&#8220; locked=&#8220;off&#8220; global_colors_info=&#8220;{}&#8220;]<\/p>\n<h1>P\u0159ihl\u00e1\u0161en\u00ed<\/h1>\n<p>[\/et_pb_text][et_pb_text _builder_version=&#8220;4.16&#8243; text_font=&#8220;Georgia||||||||&#8220; global_colors_info=&#8220;{}&#8220;]<\/p>\n<p>Pro rezervaci m\u00edst pi\u0161te <strong>Alen\u011b<\/strong> <strong>Kub\u00e1nkov\u00e9<\/strong> na <a href=\"mailto:al.kubankova@email.cz\">al.kubankova@email.cz <\/a> \u010di volejte\u00a0 606 921 133.<\/p>\n<p>T\u011b\u0161\u00edme se na v\u00e1s a va\u0161e d\u011bti!<\/p>\n<p>[\/et_pb_text][et_pb_text _builder_version=&#8220;4.16&#8243; text_font=&#8220;Rubik||||||||&#8220; text_line_height=&#8220;2em&#8220; header_font=&#8220;||||||||&#8220; header_2_font=&#8220;Rubik|700||on|||||&#8220; header_2_font_size=&#8220;12px&#8220; header_2_letter_spacing=&#8220;3px&#8220; header_2_line_height=&#8220;1.5em&#8220; header_5_font=&#8220;Rubik|700||on|||||&#8220; header_5_text_color=&#8220;#2b76df&#8220; header_5_letter_spacing=&#8220;5px&#8220; header_5_line_height=&#8220;1.5em&#8220; module_alignment=&#8220;center&#8220; custom_margin=&#8220;0px||0px||false&#8220; custom_margin_tablet=&#8220;0px|||&#8220; custom_margin_last_edited=&#8220;off|desktop&#8220; text_line_height_last_edited=&#8220;off|desktop&#8220; locked=&#8220;off&#8220; global_colors_info=&#8220;{}&#8220;]<\/p>\n<h1>Fotky z Adapta\u010dn\u00edho programu<\/h1>\n<p>[\/et_pb_text][et_pb_gallery gallery_ids=&#8220;871,872,882,42,41,611,578,588,574,571,443&#8243; show_title_and_caption=&#8220;off&#8220; _builder_version=&#8220;4.16&#8243; custom_margin=&#8220;10px|||||&#8220; global_colors_info=&#8220;{}&#8220;][\/et_pb_gallery][\/et_pb_column_inner][\/et_pb_row_inner][\/et_pb_column][et_pb_column type=&#8220;1_4&#8243; _builder_version=&#8220;4.16&#8243; custom_padding=&#8220;|||&#8220; global_colors_info=&#8220;{}&#8220; custom_padding__hover=&#8220;|||&#8220;][et_pb_blurb title=&#8220;V\u011bkov\u00e1 kategorie      &#8220; _builder_version=&#8220;4.16&#8243; header_font=&#8220;Rubik|700||on|||||&#8220; header_text_color=&#8220;rgba(255,255,255,0.5)&#8220; header_font_size=&#8220;12px&#8220; header_letter_spacing=&#8220;3px&#8220; header_line_height=&#8220;1.5em&#8220; body_font=&#8220;Rubik||||||||&#8220; body_font_size=&#8220;12px&#8220; body_line_height=&#8220;2em&#8220; background_color=&#8220;#96c61d&#8220; background_layout=&#8220;dark&#8220; custom_margin=&#8220;||10px||false|false&#8220; custom_padding=&#8220;14px|20px|14px|20px|true|true&#8220; animation_style=&#8220;zoom&#8220; animation_delay=&#8220;200ms&#8220; animation_intensity_zoom=&#8220;10%&#8220; locked=&#8220;off&#8220; global_colors_info=&#8220;{}&#8220;]<\/p>\n<p>\u00a0 \u00a01 &#8211; 3 roky,\u00a0 s doprovodem\u00a0\u00a0<\/p>\n<p>[\/et_pb_blurb][et_pb_blurb title=&#8220;Adresa&#8220; _builder_version=&#8220;4.16&#8243; header_font=&#8220;Rubik|700||on|||||&#8220; header_text_color=&#8220;rgba(255,255,255,0.5)&#8220; header_font_size=&#8220;12px&#8220; header_letter_spacing=&#8220;3px&#8220; body_font=&#8220;Rubik||||||||&#8220; body_font_size=&#8220;12px&#8220; body_line_height=&#8220;1.5em&#8220; background_color=&#8220;#e01f45&#8243; background_layout=&#8220;dark&#8220; custom_margin=&#8220;||10px|&#8220; custom_padding=&#8220;14px|20px|14px|20px|true|true&#8220; animation_style=&#8220;zoom&#8220; animation_intensity_zoom=&#8220;10%&#8220; locked=&#8220;off&#8220; global_colors_info=&#8220;{}&#8220;]<\/p>\n<p>Lesn\u00ed d\u011btsk\u00fd klub Poj\u010fte VEN Olomouc &#8211; Lo\u0161ov<\/p>\n<div class=\"_5xhp fsm fwn fcg\">Lo\u0161ov 99, 78365 Olomouc<\/div>\n<p>[\/et_pb_blurb][et_pb_blurb title=&#8220;Datum&#8220; _builder_version=&#8220;4.16&#8243; header_font=&#8220;Rubik|700||on|||||&#8220; header_text_color=&#8220;rgba(255,255,255,0.5)&#8220; header_font_size=&#8220;12px&#8220; header_letter_spacing=&#8220;3px&#8220; header_line_height=&#8220;1.5em&#8220; body_font=&#8220;Rubik||||||||&#8220; body_font_size=&#8220;12px&#8220; body_line_height=&#8220;2em&#8220; background_color=&#8220;#ff9c02&#8243; background_layout=&#8220;dark&#8220; custom_margin=&#8220;||10px|&#8220; custom_padding=&#8220;14px|20px|14px|20px|true|true&#8220; animation_style=&#8220;zoom&#8220; animation_delay=&#8220;100ms&#8220; animation_intensity_zoom=&#8220;10%&#8220; locked=&#8220;off&#8220; global_colors_info=&#8220;{}&#8220;]<\/p>\n<p>V\u017edy v \u00fater\u00fd 9:30\u201312:00<\/p>\n<p>od\u00a0 10. 9.\u00a0 do \u00a03. 12. 2024<\/p>\n<p>celkem 12 setk\u00e1n\u00ed<\/p>\n<p>od 11:30 spole\u010dn\u00e1 pol\u00e9vka, kter\u00e1 je v cen\u011b\u00a0<\/p>\n<p>[\/et_pb_blurb][et_pb_blurb title=&#8220;Cena&#8220; _builder_version=&#8220;4.16&#8243; header_font=&#8220;Rubik|700||on|||||&#8220; header_text_color=&#8220;rgba(255,255,255,0.5)&#8220; header_font_size=&#8220;12px&#8220; header_letter_spacing=&#8220;3px&#8220; header_line_height=&#8220;1.5em&#8220; body_font=&#8220;Rubik||||||||&#8220; body_font_size=&#8220;12px&#8220; body_line_height=&#8220;2em&#8220; background_color=&#8220;#c55f0d&#8220; background_layout=&#8220;dark&#8220; custom_margin=&#8220;||10px|&#8220; custom_padding=&#8220;14px|20px|14px|20px|true|true&#8220; animation_style=&#8220;zoom&#8220; animation_delay=&#8220;100ms&#8220; animation_intensity_zoom=&#8220;10%&#8220; locked=&#8220;off&#8220; global_colors_info=&#8220;{}&#8220;]<\/p>\n<p>jednor\u00e1zov\u011b 250,- K\u010d\/d\u00edt\u011b<\/p>\n<p>p\u0159i zakoupen\u00ed 10 vstup\u016f 200,- K\u010d\/d\u00edt\u011b<\/p>\n<p>[\/et_pb_blurb][et_pb_social_media_follow admin_label=&#8220;Social Media Follow&#8220; _builder_version=&#8220;4.16&#8243; border_radii=&#8220;on|34px|34px|34px|34px&#8220; locked=&#8220;off&#8220; global_colors_info=&#8220;{}&#8220;][et_pb_social_media_follow_network social_network=&#8220;facebook&#8220; _builder_version=&#8220;4.16&#8243; background_color=&#8220;#3b5998&#8243; custom_padding=&#8220;6px|6px|6px|6px|true|true&#8220; border_radii=&#8220;on|10px|10px|10px|10px&#8220; global_colors_info=&#8220;{}&#8220; follow_button=&#8220;off&#8220; url_new_window=&#8220;on&#8220;]facebook[\/et_pb_social_media_follow_network][\/et_pb_social_media_follow][\/et_pb_column][\/et_pb_section]<\/p>\n","protected":false},"excerpt":{"rendered":"<p>Kontaktn\u00ed osoba: Alena Kub\u00e1nkov\u00e1 Telefon: +420 606 921 133 Email: al.kubankova@email.czAdapta\u010dn\u00ed program Adap\u0165\u00e1\u010dek je program pro rodi\u010de s d\u011btmi, kter\u00fd prob\u00edh\u00e1 v prostoru Lesn\u00edho d\u011btsk\u00e9ho klubu. D\u011bti mohou za\u017e\u00edt, jak\u00e9 to je b\u00fdt v lesn\u00ed \u201e\u0161kolce\u201c, sezn\u00e1mit se s prost\u0159ed\u00edm a n\u011bkter\u00fdmi \u010dinnostmi Lesn\u00edho d\u011btsk\u00e9ho klubu za doprovodu maminky nebo tat\u00ednka.Bude-li z\u00e1jem, ve 2. pololet\u00ed [&hellip;]<\/p>\n","protected":false},"author":1,"featured_media":0,"parent":0,"menu_order":0,"comment_status":"closed","ping_status":"closed","template":"","meta":{"_et_pb_use_builder":"on","_et_pb_old_content":"","_et_gb_content_width":"","footnotes":""},"class_list":["post-774","page","type-page","status-publish","hentry"],"aioseo_notices":[],"_links":{"self":[{"href":"https:\/\/pojdteven.cz\/index.php\/wp-json\/wp\/v2\/pages\/774","targetHints":{"allow":["GET"]}}],"collection":[{"href":"https:\/\/pojdteven.cz\/index.php\/wp-json\/wp\/v2\/pages"}],"about":[{"href":"https:\/\/pojdteven.cz\/index.php\/wp-json\/wp\/v2\/types\/page"}],"author":[{"embeddable":true,"href":"https:\/\/pojdteven.cz\/index.php\/wp-json\/wp\/v2\/users\/1"}],"replies":[{"embeddable":true,"href":"https:\/\/pojdteven.cz\/index.php\/wp-json\/wp\/v2\/comments?post=774"}],"version-history":[{"count":20,"href":"https:\/\/pojdteven.cz\/index.php\/wp-json\/wp\/v2\/pages\/774\/revisions"}],"predecessor-version":[{"id":1332,"href":"https:\/\/pojdteven.cz\/index.php\/wp-json\/wp\/v2\/pages\/774\/revisions\/1332"}],"wp:attachment":[{"href":"https:\/\/pojdteven.cz\/index.php\/wp-json\/wp\/v2\/media?parent=774"}],"curies":[{"name":"wp","href":"https:\/\/api.w.org\/{rel}","templated":true}]}}